3/3 + 13*g**2/2 - 95*g + 76. What are the prime factors of d(6)?
5, 7, 17
Let q = 3936 + -2371. Let t = q - 1083. What are the prime factors of t?
2, 241
Suppose 3*f - 2070 = 4*b, -5*b - 2030 = -2*f - 650. Suppose 706 = 2*w - f. What are the prime factors of w?
2, 349
Suppose 8*t = -27*t + 1050. What are the prime factors of (-15)/t*10*-94?
2, 5, 47
Let x(k) = k - 3. Let b be x(5). List the prime factors of b*-1532*(-6)/24.
2, 383
Suppose -c + 0 + 3 = -l, 5*c + l = 15. Suppose 3864 = 4*r - 3*a - 74, -3*r = -c*a - 2952. What are the prime factors of r?
2, 17, 29
Suppose -5*h - 933 - 437 = 0. Let d be (1 - 2)/(1/431). Let r = h - d. What are the prime factors of r?
157
Let t = 20 - 46. Let d be 39/(-26) + t/(-4). Suppose -d = -a + 4. List the prime factors of a.
3
Suppose 93*b - 201342 = 1410925 + 877343. List the prime factors of b.
2, 5, 2677
Let q(k) = 13*k**3 - 6*k**2 + 6*k - 67. List the prime factors of q(4).
3, 7, 11
Suppose 4*a - 2 = -3*o, -o + 1 = -2*a - 13. List the prime factors of 1*o/(-12)*(-2386 - -2).
2, 149
Let w(i) be the first derivative of i**3 + 43*i**2/2 + 79*i - 79. What are the prime factors of w(-18)?
277
Let p(o) = -o**3 + 11*o**2 - 4*o + 4. Let v be p(4). Suppose 102*h - 62 = v*h. Let y = h + 100. What are the prime factors of y?
131
Suppose -51*n = -56*n + 1215. Suppose -5*l + n = 4*d, 2*l - 50 = -4*d + 52. Suppose -l = -j + 157. List the prime factors of j.
2, 3, 17
Suppose -5*w + 676 = -w. Let n be -6*11/1 + 2/((-2)/(-1)). Let l = n + w. What are the prime factors of l?
2, 13
Let h(q) = -q**2 + 17*q - 14. Let u be h(16). Let r(b) = 15*b**3 - 5*b**2 + 2*b + 4. Let l be r(u). Let t = l + 90. List the prime factors of t.
2, 3, 11
Suppose -6*l + 39 + 27 = 0. Let a be (-2 - -3) + l + 0. Let z = a + 40. List the prime factors of z.
2, 13
Suppose -567 - 692 = z. Let b = -664 - z. What are the prime factors of b?
5, 7, 17
Suppose 3*v = 12*v - 405. Let m = -5 + -21. Let d = v - m. What are the prime factors of d?
71
Let j(n) = -4*n - 33. Let o be j(-10). Suppose -5 = 2*b + o. Let v(y) = 2*y**2 - 13*y + 1. List the prime factors of v(b).
151
Suppose 2*g - 2*d - 1428 = 0, 3*g - 2*g - 702 = 5*d. Let q = g + -388. List the prime factors of q.
7, 47
Let u = 35 + -31. Let s(i) = -5*i - 4 + 19*i**2 + 2 + 5*i + u*i. What are the prime factors of s(-2)?
2, 3, 11
List the prime factors of 3*(-2)/(-105) + (-477018048)/(-12810).
2, 43, 433
Let x(w) = -4*w - 21. Let c be x(-12). Suppose -19*g + c = -22*g. List the prime factors of (-130)/25*(-1 + g).
2, 13
Suppose -1011 = -q + 5*u, -10*q = -13*q + 3*u + 2973. What are the prime factors of 15*12/5*q/51?
2, 3, 29
Suppose 3*b - 650 = 2*l, -4*b + 2*l - 658 = -7*b. What are the prime factors of b?
2, 109
Let f be ((-4)/(2 + -4))/(18/(-31896)). What are the prime factors of 1/(-7) - (f/14 + -10)?
263
Let y(w) be the second derivative of w**4/3 - 17*w**3/6 - w**2/2 + w. Suppose -282*s + 64 = -274*s. What are the prime factors of y(s)?
7, 17
Suppose -g - 104919 = -4*j, 3*j + 4*g - 18039 = 60617. List the prime factors of j.
2, 79, 83
Suppose -3*x = -o - 2*x + 6780, -2*x = 2*o - 13572. What are the prime factors of o?
3, 7, 17, 19
Suppose t = -2, -2*m - 1 = -5*t + 1. Let k(f) be the first derivative of -f**4/4 - 5*f**3/3 + 3*f**2 + 21*f - 4. List the prime factors of k(m).
3, 7
Let t = -1713 - -2575. Let d = 1587 - t. List the prime factors of d.
5, 29
Suppose 0 = -11*z - 49 + 126. Suppose 0*m + z*m = 140. List the prime factors of (7/(42/m))/((-3)/(-72)).
2, 5
Let y = -326 + 368. Suppose -j = -5*j + 76. Let w = y - j. List the prime factors of w.
23
Let l(k) = k**3 + 12*k**2 + 7*k. Let d be l(-9). Suppose 0 = 5*z + 3*x + 300, z + 2*z - 5*x = -d. What are the prime factors of 20/(-6)*648/z?
2, 3
Let k(n) = -n**2 + 11*n - 8. Let x be k(10). Suppose 0 = -b - x*m + 100, 0 = -0*b - 3*b + 5*m + 322. Let u = 194 - b. List the prime factors of u.
2, 3, 5
Let z(k) = -50*k**3 - 20*k**2 + 13*k + 48. What are the prime factors of z(-6)?
2, 3, 5, 67
Let o be -5*(5 + -6) + -6. List the prime factors of (61*o)/(-4*(-10)/(-80)).
2, 61
Suppose -7*m + 46 - 32 = 0. Suppose -m*s = -o - 1384, -o = -3*s + 7*s - 2762. List the prime factors of s.
691
Suppose -1165*u - 162 = -1171*u. Suppose -2685 = u*n - 30*n. List the prime factors of n.
5, 179
Let s(q) be the third derivative of q**4/2 + q**3/3 + q**2. Suppose -1 = -2*i + f, 12*i = 14*i - 5*f + 3. What are the prime factors of s(i)?
2, 7
Let h be 52/14*-3*21/(-18). Suppose h*w + 8684 = 39*w. List the prime factors of w.
2, 167
Suppose 130 = -0*a - 5*a. Let g = 27 + a. What are the prime factors of 79/(1 + g + -3 + 2)?
79
Let t(c) = 445*c**3 + 3*c**2 - c - 3. What are the prime factors of t(3)?
2, 3, 17, 59
Let j = -71 + 58. Let s(b) = -b**2 - 19*b - 24. Let a be s(j). Suppose 0 = -5*g - 3*x + 794, 4*x + 114 = g - a. What are the prime factors of g?
2, 5
Let u be (-4)/14 + (-12)/(-210)*5. Suppose u = 5*d - o - 745, -4*d + 755 = d + o. List the prime factors of d.
2, 3, 5
Suppose -6*s = 4*z - 60365 - 56667, -39008 = -2*s - 4*z. List the prime factors of s.
2, 3, 3251
Let k(h) = h**2 - 3*h + 11. Let w be k(0). Let b(s) = 9*s - 21. Let c be b(w). Let q = c - -48. What are the prime factors of q?
2, 3, 7
Let v(i) = 509*i**3 + 23*i**2 - 13*i**2 + 3 - 7*i - 9 + 2*i - 508*i**3. Let j(f) = f**3 - 3*f**2 - 3*f. Let l be j(3). List the prime factors of v(l).
2, 3, 5
Let r(h) = 15*h**2 - 33*h - 1. Let o be r(-5). Suppose 4*f + o - 1927 = 0. List the prime factors of f.
347
Let t(x) = 43*x**2 + 128*x. List the prime factors of t(-7).
7, 173
Let u(s) = 6*s - 4. Let d be 1/(-5)*1 - (-156)/130. Let z be u(d). Suppose -3*r + 3*w + 570 = -171, -z*r = w - 500. What are the prime factors of r?
3, 83
Suppose -2*y + 25*m - 30*m + 46 = 0, 16 = 4*m. Suppose 90 + 129 = 3*o. Let x = o - y. What are the prime factors of x?
2, 3, 5
Let t be (0 - -4) + 8*(-8812)/(-32). Suppose -1255 = -3*l + t. List the prime factors of l.
2, 577
Suppose 5*b + 4*i - 25315 = 0, -6*i + 3*i + 25315 = 5*b. What are the prime factors of b?
61, 83
What are the prime factors of 790840/(-374)*(-22)/4?
2, 5, 1163
Suppose 3*j + 2*u - 78422 = 0, -3*j + 10*u = 8*u - 78442. List the prime factors of j.
2, 19, 43
Let r = 13 + -5. Suppose -4*m - r = 4*k, 0 = -5*k + 2*m + 2*m + 17. List the prime factors of (-3 - -81*k) + 2.
2, 5
Suppose -3*u - 5*z - 85 = 82, -213 = 4*u - 3*z. List the prime factors of (1 - 1) + 484 - (u + 53).
5, 97
Let o = 83 - 100. Let v = o - -283. What are the prime factors of v?
2, 7, 19
Let b = -387 - -386. List the prime factors of b*(-1 - -3)*356/(-8).
89
Let h(o) = -o**3 + 50*o**2 + 216*o - 119. What are the prime factors of h(38)?
7, 3631
Suppose 101*l - 4608970 = -14*l. List the prime factors of l.
2, 29, 691
Let l = 126260 - 85692. What are the prime factors of l?
2, 11, 461
Let i = -27925 - -49647. List the prime factors of i.
2, 10861
Let x be (7/3)/(3/(-27)). List the prime factors of 1*254 + (x - -26).
7, 37
Let u(q) = 18*q**3 - 4*q**2 + 16*q - 11. What are the prime factors of u(11)?
7, 11, 307
Suppose l - 411 = 3*x, 2*x = 3*l + 2*l - 2029. Let a = l + -125. What are the prime factors of a?
2, 5, 7
Let p(n) = 148*n + 50. List the prime factors of p(52).
2, 3, 1291
Let s be 3*-57*8/(-36). Suppose 60 = 14*o - s. What are the prime factors of o?
7
Suppose 0 = 88*f - 4319815 + 837303. What are the prime factors of f?
2, 47, 421
Let o(f) = 3*f**3 - 31*f**2 - 20*f + 591. What are the prime factors of o(24)?
3, 11, 719
Suppose 4*i - 4*c - 56 = 0, 24 = i + 3*c - 6*c. Let s(f) = 33 - 21 + 40 - 4*f + 7*f + 3*f. What are the prime factors of s(i)?
2, 53
Let r(b) = -8*b + 28. Suppose 4*m = 37 - 25. What are the prime factors of r(m)?
2
Let f = 2358 - 1863. List the prime factors of f.
3, 5, 11
What are the prime factors of (58304/(-10))/(104/(-260))?
2, 911
Let c = -35 + 33. Let r(s) = s**3 - s + 3. Let u be r(c). What are the prime factors of 771/21 + u + 23/7?
37
Suppose 47*r - 46296 - 3900 = 0. List the prime factors of r.
2, 3, 89
Let u(m) = -6*m + 1. Let s be u(-9). Suppose 5*h - 185 = s. List the prime factors of (27/(-6))/((-4)/h).
2, 3
Suppose h - 319 = -2*q, -5*h + 4*h + 349 = -4*q. Suppose -3*t + 4*t - 5*k = h, -2*k + 598 = 2*t. Suppose -6*r = -t - 116. What are the prime factors of r?
2, 5